+ 566363) a composite number?
False
Suppose 4*h = -3*h - 427. Let j = h - -65. Suppose -j*k + 960 = 196. Is k a composite number?
False
Is (-10)/75 + (-165576180)/(-225) + 7 a composite number?
False
Suppose -5*l + 136312 = 3*m + 10122, 3*l - 75714 = -5*m. Is l composite?
True
Is (-14)/(-4) + ((-88699)/(-26))/((-3)/(-39)) a composite number?
True
Suppose 1101019 = -37*f + 4216883 + 4793293. Is f prime?
False
Suppose 4*k = -5*m + 31925, 18*k - 2*m + 15964 = 20*k. Suppose 0 = 12*d - 7*d - k. Is d prime?
True
Let i be (-304 + -1 - 0)*-7. Let u(c) = -c**3 + c**2 - 574. Let a be u(0). Let x = a + i. Is x prime?
False
Let b be (-1)/7 + (-1419)/(-231). Is 10/(-15)*-1 - (-9038)/b prime?
False
Suppose 4*f - m + 18 = 2*f, -3*f - 2*m = 34. Let n be (-8)/f + (-46818)/(-90). Is (3 + -4)*n*-2 prime?
False
Let g be 5 + (0 - 7)*44880/(-28). Let d = g + -6744. Is d composite?
False
Let z(r) = 395*r**2 - 49*r - 529. Is z(-12) prime?
False
Suppose 2*b - 13 = -j, -j = 4*b - 7*b + 7. Let c(a) = -132*a**2 - 5*a + 1. Let z be c(2). Is b/26 - 10*z/78 a composite number?
True
Suppose 0 = -0*g - g - 5, 10 = -j - 3*g. Suppose 2*x = -p + j*p - 4, 4 = -2*x. Suppose 3*s = -2*z + 206, -z + p*z - 3*s = -100. Is z composite?
True
Let b(o) = 21877*o - 2792. Is b(13) a composite number?
False
Suppose 0 = 4*q + q + 95. Let x = -15 - q. Suppose -3*s + 70 = z, -x*z + 240 = -0*z + 4*s. Is z a composite number?
True
Let a(u) = 9*u + 348*u**2 + 400*u**2 + 157*u**2 - 1. Let i be a(5). Suppose -12*l + 5327 + i = 0. Is l prime?
True
Let y = 819 + 254. Suppose 809 + y = 2*l. Is l prime?
True
Let f = -5386 + 7562. Let z = f + 8727. Is z prime?
True
Let i be 0 - (-2)/8 - (-11)/4. Let x be 0 + i/(-6) + 6/(-4). Is x + 114 + (2 - (-3 - -2)) composite?
True
Let t be (-41365132)/736 - 6/16. Let o = 96656 + t. Is o a composite number?
True
Suppose 44*k - 457475 = 19*k. Is k composite?
True
Let z be (246/8)/(40/1280). Suppose 5*c - 1961 = z. Is c composite?
True
Suppose g + 17 - 21 = 0. Suppose 823 = f - g*j, -2*f + 1373 + 246 = j. Suppose 1491 = 2*x - f. Is x prime?
True
Suppose 4*i + 32*f = 34*f + 6773304, 0 = i + 10*f - 1693347. Is i prime?
True
Suppose -5*a + 60 = -5*z, -4*a + 15 + 33 = 2*z. Suppose -29*r = -a*r - 177803. Is r a prime number?
True
Suppose -3*l = l - 7*l + 14511. Is l prime?
False
Let t(s) = 3*s**2 + 16*s - 8. Suppose 1 + 2 = d, -2*z = d + 9. Let x be t(z). Suppose -2*f - x*f = -1098. Is f a composite number?
True
Is ((-36)/72)/(1/34)*-1381 a composite number?
True
Is 122604070/620 - (-2)/4 composite?
True
Let f(o) = 2*o**2 + 14*o + 36. Let v be f(15). Let w = -405 + v. Suppose -1518 = -3*z - w. Is z a prime number?
True
Suppose -98 = -8*w - 74. Let h(u) = 153*u. Let a be h(6). Suppose -x - 2*y + a = -y, w*y - 920 = -x. Is x prime?
False
Let w = -173 + 175. Suppose 6 = 2*j, 5*a - 4*j - 1901 = 487. Suppose -w*f = -2938 - a. Is f a composite number?
False
Suppose 80*j - 8765099 - 42938852 = -5754911. Is j a prime number?
True
Suppose -12669*f + 12695*f - 1965730 = 0. Is f a composite number?
True
Let w = -393577 - -905724. Is w a composite number?
False
Let f = -8654 + 14815. Let p = 10008 - f. Is p composite?
False
Suppose 7*d + 104092 = 4*a + 8*d, -3*d = -2*a + 52018. Is a a composite number?
False
Let a(b) = -95838*b**3 - 2*b**2 + 13*b + 14. Is a(-1) prime?
False
Let s(o) = 29*o**2 - 4*o - 59. Let d be 13944/(-189) + 2*1/(-9). Let f = d + 68. Is s(f) a prime number?
True
Let s = 501 + -492. Suppose 5*b - 56578 = 6*w - s*w, 37692 = 2*w - 2*b. Is w a composite number?
True
Suppose 0*b - 5*b = -5*w - 1680, -b = -4*w - 339. Suppose 1151 = -4*a + h, 149 = -2*a + 4*h - 423. Let q = b - a. Is q a prime number?
False
Let d = 2213716 - 1553427. Is d prime?
False
Let s be ((-9)/(180/2152))/(1/(-5)). Let z be (7 - s)/(1/(-6)). Suppose x + 3183 = 2*j + 6*x, -2*x + z = 2*j. Is j composite?
True
Let c(t) be the first derivative of 496*t**3 + 3*t**2/2 + 2*t + 18. Let l be c(-3). Suppose 10*f - l = 4625. Is f a composite number?
False
Suppose -5*v + 15877 = -2*c - 31905, 9554 = v + 2*c. Let n = v - 5657. Is n a composite number?
True
Let h = 3720 - 1987. Let i(q) = 21*q - 6. Let o be i(-2). Is (-2)/((-10)/h) - o/120 composite?
False
Let y(c) = 12*c - 3. Let p be y(-4). Let w = p + 55. Suppose 521 = w*z - 3459. Is z composite?
True
Suppose 8*o - 9*o = -3. Let z be (-8595)/25*10/(-3). Suppose -o*n - z = -9*n. Is n prime?
True
Let q(g) = 328*g**2 - 68*g - 1499. Is q(-18) a prime number?
True
Let f(n) = -1362*n + 212. Let k(t) = -454*t + 71. Let l(r) = -2*f(r) + 7*k(r). Is l(-7) prime?
True
Let c = 17467 + 20926. Is c prime?
True
Suppose 4*h + 28707 - 45778 = 49405. Is h a composite number?
False
Suppose -1177 = -11*f - 4422. Let y = f + 926. Is y a prime number?
True
Let z be (-5*3 + -4)*-5. Suppose z = -2*q - 1615. Let c = 1754 + q. Is c a composite number?
True
Suppose -626*f = -630*f + 953188. Is f composite?
True
Let j(q) = -414*q + 13. Suppose f = -49 - 9. Let o = f + 56. Is j(o) a prime number?
False
Let p be ((-30)/50)/((-1)/5). Suppose -m + w + 31 = 0, -3*m + 117 = 6*w - p*w. Is m prime?
False
Suppose 0 = 3*c + 4*w - 218, -262 = -4*c + w - 3. Suppose 0 = -x + 3*p + 6, -5*x + 10*p + 80 = 5*p. Let y = c + x. Is y prime?
False
Suppose -2*s + 42 = 5*a - 2*a, -5*a = 2*s - 66. Suppose 0 = 2*j + a - 20. Is ((-393)/j)/(1/(-4)) a composite number?
True
Suppose 398*c - 52232037 = 6786985. Is c a prime number?
False
Let d = -366010 + 697521. Is d a composite number?
False
Suppose 141532 = w - 3*u, 604492 = 3*w - 4*u + 179911. Is w composite?
True
Suppose -464*d = -448*d - 558608. Is d composite?
False
Suppose 40*d = 21*d. Suppose 4*u - 4 = 2*u. Is u - -32*(1 + d) a composite number?
True
Let o = 1896 + 530. Is (o/(-8))/(58/(-232)) composite?
False
Let z = -194 - -198. Suppose -1 = -z*n + 19, -4*n + 2805 = c. Is c composite?
True
Is 35/(420/96) + 192113 prime?
True
Let s be 5*-200*(-2 - -1). Suppose -1124 - s = -12*m. Is m prime?
False
Let k = -3057 + 42679. Suppose -8*a + k = 3*a. Is a a composite number?
True
Let a be -1 - ((-13808)/(-12) + 2/6). Let o = a + -119. Let k = 2130 + o. Is k a composite number?
False
Is (-2)/8 + (3 + 776354/8 - -2) a composite number?
True
Let c be ((-2)/(-2))/(69/36 - 2). Let u(m) be the first derivative of -m**4/2 - 16*m**3/3 + 3*m**2/2 + m - 13. Is u(c) composite?
False
Let f = 40956 + -13232. Is f/6 + (-4)/(-12) a composite number?
False
Suppose 14 = -3*g - 2*x, x = 4*g + 5 + 10. Is (8088/(-20))/(0 + g/10) composite?
True
Let p(m) = -44*m - 6. Let v be p(5). Let o = -861 + 744. Let j = o - v. Is j a prime number?
True
Suppose -15*x - 8*x = -67505. Let v = x + -836. Is v prime?
True
Let z be 0/(1/(5/1)*5). Suppose 10*d - 9308 - 3842 = z. Is d composite?
True
Let u be ((58/4)/(-1))/(27/(-162)). Suppose 102 = -5*i - 2*w - 200, 5*i = w - 314. Let t = u + i. Is t prime?
False
Let s = -1825217 + 2659216. Is s composite?
False
Suppose -4*f + 3*z - 337 = 0, -2*f - z + 169 = -4*f. Let t = 108 + f. Is t composite?
False
Let j = 90 - 86. Suppose 5*y = -4 + j. Suppose 3*h + 766 - 2014 = -3*m, y = -h + 4*m + 431. Is h a prime number?
True
Suppose 6*q - 6 = 72. Suppose -v = f + 2 - 1, -f = -5*v + q. Suppose -4 = v*j, -2*z + 4*j - 2*j = -1118. Is z composite?
False
Let r(d) = d**2 + 16*d - 36. Let m be r(-18). Suppose -u - 2*n + 4 = m, 0 = 5*u + 3*n - 33 + 6. Suppose 4*a = u*a - 118. Is a prime?
True
Suppose 13 - 28 = -5*z. Let i be (4/z)/((-4)/(-4734) - 0). Suppose -1661 = -g + 5*d, -4*d - i = 4*g - 8222. Is g composite?
True
Let g(l) = -43*l + 29 + 2*l**2 + 56*l - 3*l**2. Let a be g(15). Is 67*((2 - 0) + a) a composite number?
False
Let o = 8963 - 3899. Suppose -7*t + 37643 + o = 0. Is t a composite number?
False
Suppose -32*r + 15251 = n - 31*r, -4*n + 2*r + 61016 = 0. Is n a prime number?
False
Let a = 34482 + 8665. Is a composite?
True
Let t = 1840425 - 1087331. Is t composite?
True
Suppose 0 = 2*y + 6 - 0. Let x be y/3 + (3 - -1). Suppose -373 = -3*v - k, -x*k + 381 = 4*v - v. Is v prime?
False
Let l(y) be the first derivative of 281*y**3/3 - 7*y**2/2 - 11*y - 169. Is l(-4) composite?
False
Suppose 26*s - 16 = 24*s. Is (s/(-12))/((-6)/121977) a prime number?
True
Let d(w) = -54817*w - 288. Is d(-11) a composite number?
True
Suppose -1839042 = -5*y + 1781093 - 889870. 